v(h) = -h**3 + 35*h**2 + 263*h - 2070. Give v(5).
-5
Let x(i) = -5562*i - 100071. Calculate x(-18).
45
Let i(w) = -2264*w - 156232. Calculate i(-69).
-16
Let o(q) = 3797*q - 14865. Give o(4).
323
Let y(z) = 704*z + 9959. Give y(-14).
103
Let g(i) = 9*i**2 - 217*i + 363. Calculate g(22).
-55
Let a(o) = 4*o**2 + 2042*o + 90462. Determine a(-49).
8
Let b(x) = 14*x**2 + 4938*x - 74315. Calculate b(15).
2905
Let v(u) = 5*u**3 + 559*u**2 - 153*u - 4650. Determine v(-112).
-58
Let s(p) = -5*p**2 + 472*p - 8187. What is s(72)?
-123
Let f(a) = 141*a**2 - 102*a - 70. Determine f(3).
893
Let m(h) = 3*h**2 + 65*h + 654. Determine m(-10).
304
Let k(c) = c**2 + 567*c + 74046. Calculate k(-204).
-6
Let o(m) = -5*m**3 - 32*m**2 - 95*m - 294. Give o(-5).
6
Let u(d) = -20799*d - 4450983. Give u(-214).
3
Let p(z) = z**3 + 2*z**2 + 1127*z - 7131. Calculate p(6).
-81
Let q(g) = 147525*g - 1032660. Give q(7).
15
Let g(n) = -6*n**3 - 588*n**2 - 39*n - 3697. What is g(-98)?
125
Let y(q) = -31*q**3 + 714*q**2 - 23*q - 2. Give y(23).
-2
Let w(h) = 2*h**3 - 282*h**2 + 5948*h + 3687. Calculate w(115).
7
Let o(u) = -623*u**2 + 11216*u - 36. Determine o(18).
0
Let b(n) = 426*n + 14092. Determine b(-30).
1312
Let y(b) = -13*b**2 - 587*b - 2766. Give y(-40).
-86
Let l(y) = -2938*y - 282042. Give l(-96).
6
Let k(y) = 9*y**2 - 611*y + 8305. Calculate k(49).
-25
Let z(c) = -9*c**3 + 5826*c**2 - 68609*c - 84. Give z(12).
0
Let k(o) = 229*o**2 + 2527*o + 2343. Calculate k(-10).
-27
Let x(l) = 3167*l - 16382. What is x(5)?
-547
Let q(d) = -d**2 + 456*d + 126960. Determine q(-195).
15
Let r(h) = -1266*h + 49427. What is r(39)?
53
Let h(x) = -715*x**2 - 7157*x + 2. Determine h(-10).
72
Let f(n) = -n**3 - 54*n**2 - 245*n - 187. Calculate f(-4).
-7
Let s(j) = -6*j**3 - 464*j**2 - 145*j + 699. Give s(-77).
6
Let u(b) = b**2 - 277*b - 28150. What is u(356)?
-26
Let b(t) = 929755*t - 1859504. Determine b(2).
6
Let q(s) = 5164*s - 46493. Give q(9).
-17
Let w(c) = -2*c**3 + 110*c**2 - 600*c + 39917. Determine w(56).
45
Let m(k) = 2*k**2 - 2803*k - 50965. Determine m(-18).
137
Let s(a) = a**3 - 9*a**2 + 13556*a - 108311. What is s(8)?
73
Let s(t) = -t**2 + 702*t + 36690. Calculate s(-49).
-109
Let f(v) = -2254*v + 60879. What is f(27)?
21
Let a(s) = 5*s**2 - 2851*s + 36168. Give a(13).
-50
Let q(d) = -264*d**3 - 6595*d**2 + 117*d - 200. What is q(-25)?
0
Let h(r) = 31*r**2 - 72010*r + 208790. What is h(2320)?
-10
Let x(k) = -k**2 + 18294*k - 310726. Give x(17).
-17
Let f(h) = -h**3 + 307*h**2 - 6271*h + 279. What is f(285)?
-6
Let j(y) = -1116377*y + 8931048. Calculate j(8).
32
Let c(g) = 1797*g - 12461. Give c(7).
118
Let t(o) = -5978*o**2 - 179298*o + 1256. Determine t(-30).
-4
Let g(j) = -57*j**2 - 249*j - 14. What is g(-4)?
70
Let i(c) = -2*c**2 - 4182*c - 33519. Give i(-8).
-191
Let x(r) = 290*r**2 + 38485*r - 11311. Give x(-133).
-6
Let d(u) = u**2 + 331*u - 9303. Give d(26).
-21
Let n(h) = 41*h**2 + 4304*h - 276895. Determine n(-150).
5
Let p(r) = 46*r + 5554. What is p(-104)?
770
Let v(n) = -29*n**2 - 230*n + 576. Calculate v(2).
0
Let n(p) = 9994*p + 129943. Calculate n(-13).
21
Let a(n) = -n**2 + 25652*n - 51299. Give a(2).
1
Let b(t) = -3*t**3 + 30*t**2 + 690*t - 64. What is b(-11)?
-31
Let z(c) = -c**2 - 363*c + 16290. What is z(41)?
-274
Let b(x) = 1053*x**2 + 4207*x - 7. Calculate b(-4).
13
Let t(g) = -8646*g + 43243. Calculate t(5).
13
Let c(f) = -4*f**2 + 486*f - 12199. What is c(86)?
13
Let d(r) = -23*r**2 + 19*r + 150. Calculate d(3).
0
Let b(r) = r**3 - 133*r**2 + 2349*r + 2048. Calculate b(22).
2
Let p(h) = -h**3 + 114*h**2 + 48281*h + 195. Calculate p(-170).
25
Let r(s) = -2*s**3 - 5*s**2 + 55*s - 27. What is r(-7)?
29
Let d(o) = -6*o**2 - 1022*o - 7906. What is d(-8)?
-114
Let s(d) = -25872*d - 103526. What is s(-4)?
-38
Let b(h) = h**3 - 425*h**2 + 4973*h - 6981. What is b(413)?
40
Let d(m) = 4*m**3 - 505*m**2 + 127*m - 123. Calculate d(126).
3
Let x(d) = -7*d**3 + 3*d**2 - 536*d - 3177. What is x(-6)?
1659
Let d(c) = 2*c**3 - 28*c**2 + 99*c - 6770. What is d(20)?
10
Let o(n) = -n**3 + 164*n**2 - 492*n + 1441. What is o(161)?
-8
Let a(r) = 50802*r - 2235289. Calculate a(44).
-1
Let f(k) = -k**2 + 180*k + 5491. Determine f(-30).
-809
Let a(l) = -l**3 + 14*l**2 + 1245*l + 77. Determine a(43).
-9
Let w(z) = -79*z - 3325. What is w(-37)?
-402
Let w(x) = x**2 - 225*x - 4129. Give w(-14).
-783
Let j(c) = 1545*c - 37498. Give j(24).
-418
Let q(y) = 649*y - 18062. Determine q(28).
110
Let j(y) = -13*y**2 + 4141*y - 26535. What is j(312)?
-15
Let r(s) = -1650*s - 50639. Give r(-29).
-2789
Let d(c) = c**2 - 21*c - 3875. Calculate d(59).
-1633
Let r(p) = -3*p**3 + 2781*p**2 - 5550*p + 13. Give r(2).
13
Let t(l) = 17*l**2 + 294*l - 892. Give t(3).
143
Let d(x) = -2*x**3 + 223*x**2 + 28*x + 9425. Determine d(112).
17
Let j(z) = -5139*z + 1402990. Give j(273).
43
Let v(n) = 348*n**2 - 725*n + 2184. Give v(3).
3141
Let g(s) = 346*s + 10503. What is g(-28)?
815
Let u(l) = 185556*l + 927803. Give u(-5).
23
Let j(d) = 81*d - 1274. Determine j(20).
346
Let r(x) = -4442*x - 166328. Give r(-37).
-1974
Let g(d) = 3526*d + 31755. What is g(-9)?
21
Let d(m) = 4*m**2 - 156*m + 780. What is d(33)?
-12
Let q(h) = 4*h**2 - 161*h - 5891. Calculate q(-29).
2142
Let y(g) = 202305*g - 1820711. Calculate y(9).
34
Let b(r) = r**3 + 105*r**2 + 1557*r - 362. What is b(-87)?
421
Let p(b) = -1861*b + 128426. Calculate p(69).
17
Let h(z) = -331*z + 7686. What is h(21)?
735
Let w(n) = -60*n**2 + 196*n - 72. Determine w(5).
-592
Let f(h) = h**2 + 550*h + 65902. Give f(-176).
78
Let m(a) = 2*a**3 - 61*a**2 + 44*a - 2234. Give m(31).
91
Let n(i) = i**3 - 44*i**2 - 55*i + 81. Calculate n(45).
-369
Let i(a) = 2*a**3 + 21*a**2 - 696*a - 1467. Give i(-2).
-7
Let b(h) = 2*h**3 - 15*h**2 - 6*h + 163. Give b(5).
8
Let j(a) = 202*a**2 - 316*a + 634. Calculate j(2).
810
Let o(b) = 1003*b**2 - 82210*b - 2947. Give o(82).
5
Let l(q) = 3*q**2 - 55*q - 2320. Give l(-24).
728
Let h(v) = 4*v**3 - 40*v**2 + 42*v - 312. Give h(7).
-606
Let g(l) = -2*l**3 - 7*l**2 + 86*l - 224. What is g(3)?
-83
Let m(c) = 259*c - 11017. Calculate m(31).
-2988
Let c(v) = v**3 + 7*v**2 - 1567*v - 21667. Give c(-15).
38
Let t(f) = 6748*f + 6719. Give t(-1).
-29
Let x(n) = 70*n - 4873. Determine x(71).
97
Let y(r) = 61*r**2 + 728*r - 5907. Calculate y(8).
3821
Let f(g) = -278*g - 2675. Calculate f(-11).
383
Let p(c) = 6*c**2 - 136*c - 489. What is p(-3)?
-27
Let a(c) = -106662*c + 426677. Determine a(4).
29
Let x(s) = s**3 - 79*s**2 + 936*s + 127. Calculate x(64).
-1409
Let h(c) = 4*c**2 - 299*c + 5231. Give h(27).
74
Let r(y) = -13822*y + 1644815. Calculate r(119).
-3
Let v(n) = -6*n**2 - 342*n - 4201. What is v(-13)?
-769
Let v(c) = 872*c**2 - 1716*c. Give v(2).
56
Let h(g) = -37175*g - 19033592. Determine h(-512).
8
Let d(c) = -7*c - 46. Determine d(6).
-88
Let n(u) = u**2 - 561*u - 150242. What is n(-198)?
40
Let h(l) = l**3 + 19*l**2 - 35*l - 487. Calculate h(-19).
178
Let c(j) = j**2 + 44*j - 4090. Give c(46).
50
Let q(f) = -381*f + 13518. Determine q(23).
4755
Let d(w) = -w**3 - 438*w**2 + 4933*w + 6. Calculate d(11).
-60
Let u(f) = -3*f**2 - 540*f + 5183. Give u(9).
80
Let u(r) = -1701*r + 9855. Calculate u(6).
-351
Let p(j) = 77659*j + 621272. Determine p(-8).
0
Let b(d) = 15*d**3 + 17*d**2 - 81*d - 325. What is b(-8)?
-6269
Let l(y) = -2433787*y**2 + 7301361*y - 5. Give l(3).
-5
Let l(z) = -3*z**2 + 86*z + 863. What is l(-10)?
-297
Let h(p) = p**2 + 132*p + 3891. Determine h(-41).
160
Let d(x) = -6*x**3 + 271*x**2 + 230*x - 75. Determine d(46).
-75
Let r(o) = 2*o**2 + 166*o - 1649. Calculate r(9).
7
Let o(b) = -282*b - 67777. Calculate o(-240).
-97
Let i(q) = -q**3 + 80*q**2 - 234*q + 98. Give i(77).
-133
Let x(s) = -s**3 + 45*s**2 + 335*s + 1489. Calculate x(52).
-19
Let x(w) = -4*w**3 + 1491*w**2 - 2580*w - 6309. Determine x(371).
-2
Let z(p) = 3513*p + 540992. Determine z(-154).
-10
Let r(o) = -o**2 + 295*o + 3129. Calculate r(-11).
-237
Let o(q) = -148232*q + 8893911. Calculate o(60).
-9
Let r(o) = -2*o**3 + 16*o**2 - 65*o - 198. Determine r(-4).
446
Let i(n) = -n**3 + 123*n**2 - 482*n + 974. Calculate i(119).
260
Let a(b) = 142*b + 12192. Give a(-86).
-20
Let l(g) = -3*g**3 - 208*g**2 - 3006*g - 817. Give l(-49).
16
Let h(g) = 